False
Is 177328471 composite?
False
Is 1132301 a composite number?
False
Is 15875359 a prime number?
False
Is 117437519 composite?
True
Is 56989807 composite?
True
Is 9945667 a composite number?
False
Is 3083417 prime?
True
Is 114806917 a composite number?
True
Is 59949479 composite?
False
Is 9808751 composite?
False
Is 497674843 prime?
True
Is 976231 a composite number?
False
Is 11893969 a composite number?
False
Is 710176817 a composite number?
True
Is 482269 composite?
True
Is 5858819 composite?
True
Is 81728819 prime?
False
Is 6848726 a composite number?
True
Is 261656777 a prime number?
True
Is 2220151 a composite number?
False
Is 48964687 composite?
False
Is 107555851 composite?
True
Is 122018159 prime?
True
Is 4445891 prime?
False
Is 528610897 composite?
True
Is 84903463 a prime number?
True
Is 2079097 a prime number?
False
Is 82052083 composite?
True
Is 60326597 a prime number?
True
Is 11007647 composite?
True
Is 130537603 composite?
True
Is 239915693 prime?
True
Is 42791603 a composite number?
True
Is 26431589 prime?
True
Is 26752807 prime?
False
Is 14513561 composite?
True
Is 179717 a prime number?
True
Is 6366023 a composite number?
False
Is 5794843 a prime number?
True
Is 433846463 prime?
True
Is 3658943 a prime number?
True
Is 464741 a composite number?
False
Is 57246131 composite?
True
Is 3090821 composite?
True
Is 153991 a prime number?
True
Is 187974937 prime?
True
Is 359797 a prime number?
False
Is 5101934 prime?
False
Is 8412251 composite?
False
Is 523147 prime?
False
Is 11798911 composite?
True
Is 70192351 prime?
True
Is 1345841 a composite number?
True
Is 4878257 a prime number?
True
Is 173383703 a composite number?
False
Is 35685373 composite?
True
Is 3921121 prime?
True
Is 2380999 a prime number?
False
Is 7549987 a prime number?
True
Is 582091 a composite number?
True
Is 661393 a prime number?
True
Is 5566822 composite?
True
Is 38313487 prime?
False
Is 19567063 composite?
False
Is 6359693 a prime number?
True
Is 278207071 a composite number?
False
Is 173111479 a composite number?
False
Is 24582679 composite?
True
Is 68973119 prime?
True
Is 169231087 a prime number?
True
Is 9320147 composite?
True
Is 320549 a composite number?
True
Is 15394867 a composite number?
False
Is 476642 composite?
True
Is 2678635 a composite number?
True
Is 32543531 a prime number?
True
Is 33407651 a prime number?
True
Is 87430697 prime?
True
Is 4576259 a prime number?
True
Is 14027407 a composite number?
True
Is 34290599 a prime number?
False
Is 2823721 a prime number?
True
Is 134308459 prime?
True
Is 2412119 a composite number?
False
Is 17748161 a prime number?
True
Is 350239 a prime number?
False
Is 255149449 a composite number?
False
Is 225436697 prime?
True
Is 3120251 prime?
False
Is 735883 composite?
False
Is 7194347 prime?
True
Is 45397549 a composite number?
False
Is 114253309 a composite number?
False
Is 70768487 prime?
True
Is 1883237899 composite?
True
Is 310730187 a prime number?
False
Is 112283591 a prime number?
False
Is 804551 a prime number?
False
Is 782453 a composite number?
True
Is 292133 a composite number?
False
Is 283314085 a composite number?
True
Is 35402663 prime?
False
Is 98925587 prime?
True
Is 1190419 a composite number?
True
Is 395841151 prime?
True
Is 139589 a prime number?
True
Is 101215391 a composite number?
False
Is 43998459 a prime number?
False
Is 64559821 a prime number?
False
Is 822893261 composite?
False
Is 105908081 a prime number?
True
Is 19077101 composite?
False
Is 2469149 composite?
False
Is 85207877 composite?
False
Is 2021101 prime?
False
Is 395699 a composite number?
True
Is 91653517 prime?
True
Is 3627401 prime?
True
Is 4574027 prime?
True
Is 84418633 a prime number?
False
Is 11003469 prime?
False
Is 87833 a prime number?
True
Is 100649869 a prime number?
True
Is 19660739 a composite number?
True
Is 4892563 a composite number?
True
Is 1105928242 composite?
True
Is 35196277 composite?
True
Is 5470943 a prime number?
True
Is 41647511 prime?
True
Is 4098911 a composite number?
False
Is 1215101 a composite number?
True
Is 63940421 prime?
True
Is 8418377 a prime number?
False
Is 25130785 a composite number?
True
Is 6632807 composite?
False
Is 187761269 prime?
False
Is 5553683 a composite number?
False
Is 61711249 prime?
True
Is 33959869 a composite number?
True
Is 4802723 composite?
False
Is 2803291 prime?
True
Is 90554705 a prime number?
False
Is 322495 prime?
False
Is 13608059 a composite number?
False
Is 4177949 composite?
True
Is 5792027 a composite number?
False
Is 637419767 prime?
True
Is 308951 prime?
True
Is 21367709 prime?
False
Is 5536667 prime?
False
Is 2003161 a prime number?
False
Is 15708637 a composite number?
True
Is 184120645 prime?
False
Is 525769 a composite number?
False
Is 75295383 a composite number?
True
Is 5314979 a composite number?
True
Is 74313289 a composite number?
False
Is 8671393 a composite number?
False
Is 80623 prime?
False
Is 7455613 a composite number?
True
Is 1350485 composite?
True
Is 2230403 composite?
True
Is 804554 composite?
True
Is 76122565 a prime number?
False
Is 41862061 a prime number?
True
Is 217251203 prime?
False
Is 23201323 a composite number?
True
Is 164692799 composite?
False
Is 77965211 a prime number?
False
Is 6068807 prime?
False
Is 572209257 composite?
True
Is 3695173 a prime number?
True
Is 38299853 a composite number?
True
Is 18580901 a composite number?
True
Is 1410077 prime?
True
Is 1716037 a composite number?
False
Is 260269 a composite number?
False
Is 1722949 composite?
True
Is 17299181 composite?
False
Is 985411 a prime number?
False
Is 1342123 a composite number?
True
Is 8314507 a prime number?
True
Is 9460887 prime?
False
Is 283478341 a prime number?
False
Is 2905949 composite?
False
Is 309460343 prime?
True
Is 1272787 a prime number?
False
Is 3083639 composite?
True
Is 1723747 composite?
False
Is 1749719 composite?
True
Is 65421073 a composite number?
False
Is 16353091 composite?
True
Is 245407 a prime number?
True
Is 669673 prime?
True
Is 717683 a composite number?
False
Is 26538277 composite?
True
Is 153907127 composite?
True
Is 591457 composite?
False
Is 55457 composite?
False
Is 2170979 composite?
True
Is 73831567 prime?
True
Is 9968037 prime?
False
Is 908059 a composite number?
True
Is 373265 composite?
True
Is 61467277 prime?
True
Is 25797847 a composite number?
True
Is 8121751 composite?
True
Is 2255291 a prime number?
True
Is 96266915 a composite number?
True
Is 3903566 prime?
False
Is 395229235 a prime number?
False
Is 2914513 a prime number?
False
Is 544585729 a prime number?
False
Is 12865007 a prime number?
False
Is 73669 a prime number?
False
Is 81071 composite?
False
Is 3809027 a prime number?
False
Is 298481 a composite number?
True
Is 18335419 prime?
False
Is 1009319 composite?
False
Is 5014141 prime?
False
Is 64384319 prime?
True
Is 2137907 a composite number?
False
Is 1860284438 prime?
False
Is 307733 a prime number?
True
Is 75151177 a composite number?
False
Is 2447717 composite?
False
Is 7366439 a composite number?
True
Is 149234809 a prime number?
True
Is 1200533 a composite number?
True
Is 13904263 a prime number?
True
Is 371713 composite?
True
Is 403586423 a prime number?
True
Is 3959477 a composite number?
False
Is 855059 a prime number?
True
Is 8772139 a prime number?
True
Is 2590331 a composite number?
True
Is 1776080063 composite?
False
Is 52826281 prime?
False
Is 77901359 a prime number?
False
Is 49135903 composite?
True
Is 15977957 a prime number?
True
Is 10295107 composite?
False
Is 77947 a composite number?
True
Is 170049343 a prime number?
True
Is 100585399 prime?
True
Is 15013471 prime?
False
Is 183747533 prime?
False
Is 64454209 composite?
True
Is 2502053 prime?
False
Is 1082304985 a composite number?
True
Is 1010461 composite?
False
Is 13763426 composite?
True
Is 38700833 prime?
True
Is 83120663 prime?
False
Is 20149211 prime?
True
Is 16560701 composite?
True
Is 21110081 composite?
True
Is 282721 prime?
False
Is 16387181 composite?
False
Is 14425406 a composite number?
True
Is 407023 a composite number?
False
Is 10915297 prime?
False
Is 43470709 a prime number?
True
Is 131005141 composite?
True
Is 42250331 prime?
True
Is 367450793 a prime number?
False
Is 10385923 a prime number?
True
Is 2485289 com